7866673 is divided by 171.
160
Calculate the remainder when 17487686 is divided by 38.
10
What is the remainder when 68301894 is divided by 323?
314
What is the remainder when 4769662 is divided by 1589781?
319
Calculate the remainder when 13480 is divided by 287.
278
Calculate the remainder when 78293 is divided by 19534.
157
What is the remainder when 758472 is divided by 47403?
24
What is the remainder when 66495796 is divided by 1090095?
1
What is the remainder when 849852 is divided by 106178?
428
Calculate the remainder when 3361624 is divided by 42.
28
What is the remainder when 7684273 is divided by 230?
203
Calculate the remainder when 16988942 is divided by 1704.
62
What is the remainder when 1131146 is divided by 565517?
112
Calculate the remainder when 21535689 is divided by 1656590.
19
What is the remainder when 94515 is divided by 47241?
33
What is the remainder when 21090045 is divided by 384?
381
Calculate the remainder when 113445177 is divided by 37815037.
66
What is the remainder when 578712 is divided by 289326?
60
Calculate the remainder when 413938 is divided by 55.
8
What is the remainder when 1265364 is divided by 12051?
9
Calculate the remainder when 1756923 is divided by 1255.
1178
Calculate the remainder when 158763 is divided by 5790.
2433
Calculate the remainder when 12667290 is divided by 102.
12
Calculate the remainder when 1720807 is divided by 52145.
22
What is the remainder when 1021050 is divided by 69?
57
Calculate the remainder when 1073169 is divided by 781.
75
Calculate the remainder when 3935206 is divided by 40.
6
Calculate the remainder when 89112 is divided by 17812.
52
Calculate the remainder when 74563605 is divided by 651.
18
Calculate the remainder when 215518 is divided by 215416.
102
Calculate the remainder when 139592996 is divided by 775.
771
What is the remainder when 60204015 is divided by 9676?
9619
What is the remainder when 111264083 is divided by 167?
166
What is the remainder when 3189999 is divided by 58?
57
Calculate the remainder when 35668 is divided by 1536.
340
Calculate the remainder when 4819149 is divided by 3430.
3429
What is the remainder when 897898 is divided by 615?
613
What is the remainder when 103497331 is divided by 874?
873
What is the remainder when 906580 is divided by 25901?
45
Calculate the remainder when 16102306 is divided by 2683717.
4
Calculate the remainder when 555111 is divided by 138304.
1895
Calculate the remainder when 27443389 is divided by 4927.
4926
Calculate the remainder when 427571 is divided by 4162.
3047
Calculate the remainder when 235600 is divided by 235512.
88
What is the remainder when 5269833 is divided by 6835?
48
What is the remainder when 29229526 is divided by 101845?
11
What is the remainder when 5936234 is divided by 33?
29
Calculate the remainder when 454431 is divided by 32432.
383
Calculate the remainder when 11113103 is divided by 516.
11
Calculate the remainder when 1056229 is divided by 21546.
475
What is the remainder when 701961 is divided by 13?
0
Calculate the remainder when 188605727 is divided by 1445.
1437
Calculate the remainder when 2861733 is divided by 2861484.
249
What is the remainder when 3106200 is divided by 3554?
4
What is the remainder when 5446163 is divided by 8700?
8663
Calculate the remainder when 85516 is divided by 2228.
852
What is the remainder when 2806712 is divided by 51?
29
Calculate the remainder when 4636436 is divided by 4636423.
13
What is the remainder when 22492592 is divided by 95713?
37
Calculate the remainder when 131602545 is divided by 634.
629
What is the remainder when 213141 is divided by 4844?
5
What is the remainder when 178269862 is divided by 7454?
7452
What is the remainder when 9499655 is divided by 133?
130
What is the remainder when 134680636 is divided by 631?
627
Calculate the remainder when 2809026 is divided by 55.
11
What is the remainder when 998907 is divided by 181?
149
Calculate the remainder when 251127 is divided by 13947.
81
Calculate the remainder when 165069 is divided by 1032.
981
What is the remainder when 308752 is divided by 1163?
557
What is the remainder when 891764 is divided by 146?
142
Calculate the remainder when 93888 is divided by 2844.
36
What is the remainder when 5071289 is divided by 633908?
25
Calculate the remainder when 2737219 is divided by 4679.
4
What is the remainder when 958224 is divided by 79843?
108
What is the remainder when 43566046 is divided by 144?
142
Calculate the remainder when 702307 is divided by 668.
239
What is the remainder when 93469461 is divided by 81?
78
Calculate the remainder when 156981 is divided by 18.
3
Calculate the remainder when 9834368 is divided by 32564.
40
What is the remainder when 259596 is divided by 86470?
186
Calculate the remainder when 2623395 is divided by 1300.
1295
Calculate the remainder when 31679631 is divided by 16.
15
Calculate the remainder when 9716732 is divided by 141.
140
Calculate the remainder when 104318 is divided by 8677.
194
Calculate the remainder when 5475 is divided by 1989.
1497
What is the remainder when 279435 is divided by 3128?
1043
Calculate the remainder when 23502 is divided by 9540.
4422
What is the remainder when 18322 is divided by 2255?
282
Calculate the remainder when 68184 is divided by 9833.
9186
Calculate the remainder when 1772879 is divided by 1772813.
66
What is the remainder when 1277773 is divided by 7?
0
Calculate the remainder when 2238094 is divided by 520.
14
Calculate the remainder when 13158940 is divided by 1934.
4
Calculate the remainder when 426518 is divided by 3136.
22
Calculate the remainder when 4422575 is divided by 2597.
2481
Calculate the remainder when 735338 is divided by 122556.
2
What is the remainder when 599736 is divided by 659?
46
What is the remainder when 23172894 is divided by 7724293?
15
What is the remainder when 813906 is divided by 1350?
1206
What is the remainder when 56472342 is divided by 9557?
29
What is the remainder when 38536521 is divided by 9?
6
Calculate the remainder when 11028872 is divided by 83.
81
Calculate the remainder when 607756 is divided by 67527.
13
What is the remainder when 22874789 is divided by 313353?
20
What is the remainder when 1851678 is divided by 59?
22
Calculate the remainder when 5839061 is divided by 403.
397
Calculate the remainder when 4096642 is divided by 22.
0
Calculate the remainder when 360547 is divided by 152.
3
Calculate the remainder when 74689 is divided by 1659.
34
What is the remainder when 2392507 is divided by 132?
7
Calculate the remainder when 35626 is divided by 35243.
383
Calculate the remainder when 144677 is divided by 1811.
1608
Calculate the remainder when 58507 is divided by 988.
215
Calculate the remainder when 16216361 is divided by 16216353.
8
What is the remainder when 527438 is divided by 151?
146
What is the remainder when 26033842 is divided by 6?
4
What is the remainder when 119475 is divided by 1353?
411
Calculate the remainder when 6902897 is divided by 245.
22
Calculate the remainder when 28209188 is divided by 66.
62
What is the remainder when 14421275 is divided by 92?
91
What is the remainder when 2979291 is divided by 142?
131
What is the remainder when 238730599 is divided by 152?
7
What is the remainder when 371567 is divided by 72591?
8612
Calculate the remainder when 197316506 is divided by 1973165.
6
Calculate the remainder when 1544863499 is divided by 2250.
2249
What is the remainder when 21701938 is divided by 82?
64
What is the remainder when 43081667 is divided by 2780?
7
What is the remainder when 375416 is divided by 8293?
2231
Calculate the remainder when 1782711 is divided by 692.
119
What is the remainder when 3594610 is divided by 898645?
30
What is the remainder when 13229718 is divided by 9566?
9506
What is the remainder when 6256334 is divided by 190?
14
Calculate the remainder when 248083413 is divided by 3037.
3031
What is the remainder when 27312368 is divided by 43?
15
Calculate the remainder when 1984870 is divided by 396789.
925
What is the remainder when 17806587 is divided by 3561313?
22
Calculate the remainder when 63320481 is divided by 439.
438
Calculate the remainder when 546557 is divided by 515.
142
What is the remai